 digit of 832?
3
What is the units digit of 13543?
3
What is the units digit of 17803?
3
What is the tens digit of 10343?
4
What is the hundreds digit of 69388?
3
What is the hundreds digit of 618?
6
What is the units digit of 6622?
2
What is the thousands digit of 2026?
2
What is the units digit of 52674?
4
What is the hundreds digit of 1561?
5
What is the tens digit of 2700?
0
What is the thousands digit of 1591?
1
What is the units digit of 74863?
3
What is the units digit of 12690?
0
What is the hundreds digit of 604?
6
What is the ten thousands digit of 44570?
4
What is the hundreds digit of 4543?
5
What is the tens digit of 681?
8
What is the units digit of 534?
4
What is the thousands digit of 90073?
0
What is the units digit of 131048?
8
What is the thousands digit of 2014?
2
What is the units digit of 712?
2
What is the tens digit of 89213?
1
What is the ten thousands digit of 27921?
2
What is the hundreds digit of 3403?
4
What is the thousands digit of 6178?
6
What is the hundreds digit of 168?
1
What is the tens digit of 446?
4
What is the tens digit of 2619?
1
What is the hundreds digit of 3878?
8
What is the units digit of 27432?
2
What is the tens digit of 25615?
1
What is the hundreds digit of 16687?
6
What is the tens digit of 1672?
7
What is the hundreds digit of 881?
8
What is the tens digit of 9688?
8
What is the tens digit of 237?
3
What is the tens digit of 12094?
9
What is the thousands digit of 14771?
4
What is the hundreds digit of 2362?
3
What is the tens digit of 1100?
0
What is the tens digit of 14737?
3
What is the tens digit of 952?
5
What is the units digit of 1135?
5
What is the tens digit of 320?
2
What is the thousands digit of 5691?
5
What is the thousands digit of 11594?
1
What is the hundreds digit of 612?
6
What is the ten thousands digit of 76023?
7
What is the units digit of 10234?
4
What is the units digit of 135356?
6
What is the units digit of 3302?
2
What is the thousands digit of 4028?
4
What is the hundreds digit of 29031?
0
What is the tens digit of 8462?
6
What is the hundreds digit of 270?
2
What is the thousands digit of 105856?
5
What is the thousands digit of 2719?
2
What is the units digit of 2260?
0
What is the thousands digit of 1900?
1
What is the hundreds digit of 25863?
8
What is the units digit of 356?
6
What is the hundreds digit of 651?
6
What is the units digit of 182?
2
What is the hundreds digit of 1912?
9
What is the units digit of 432?
2
What is the ten thousands digit of 45020?
4
What is the hundreds digit of 208?
2
What is the thousands digit of 22548?
2
What is the units digit of 1509?
9
What is the units digit of 583?
3
What is the ten thousands digit of 11946?
1
What is the hundreds digit of 2000?
0
What is the hundreds digit of 3188?
1
What is the hundreds digit of 39540?
5
What is the tens digit of 10922?
2
What is the hundreds digit of 382?
3
What is the units digit of 13?
3
What is the thousands digit of 2490?
2
What is the tens digit of 863?
6
What is the hundreds digit of 1651?
6
What is the units digit of 6574?
4
What is the units digit of 8311?
1
What is the units digit of 1258?
8
What is the thousands digit of 40319?
0
What is the ten thousands digit of 84185?
8
What is the tens digit of 1514?
1
What is the units digit of 938?
8
What is the tens digit of 50108?
0
What is the hundreds digit of 13701?
7
What is the thousands digit of 5618?
5
What is the tens digit of 1325?
2
What is the tens digit of 41251?
5
What is the units digit of 1004?
4
What is the ten thousands digit of 10972?
1
What is the ten thousands digit of 35544?
3
What is the hundreds digit of 115?
1
What is the tens digit of 61170?
7
What is the hundreds digit of 179?
1
What is the units digit of 9315?
5
What is the hundreds digit of 2253?
2
What is the hundreds digit of 1018?
0
What is the thousands digit of 5968?
5
What is the ten thousands digit of 30962?
3
What is the tens digit of 3428?
2
What is the thousands digit of 30625?
0
What is the hundreds digit of 610?
6
What is the units digit of 816?
6
What is the hundreds digit of 4076?
0
What is the thousands digit of 6070?
6
What is the tens digit of 51218?
1
What is the hundreds digit of 15181?
1
What is the units digit of 7774?
4
What is the thousands digit of 2736?
2
What is the tens digit of 6849?
4
What is the tens digit of 505?
0
What is the hundreds digit of 13060?
0
What is the hundreds digit of 76383?
3
What is the hundreds digit of 12129?
1
What is the units digit of 2717?
7
What is the units digit of 8650?
0
What is the ten thousands digit of 31712?
3
What is the tens digit of 6987?
8
What is the thousands digit of 1481?
1
What is the tens digit of 943?
4
What is the thousands digit of 9858?
9
What is the tens digit of 8192?
9
What is the thousands digit of 11360?
1
What is the hundreds digit of 306?
3
What is the units digit of 137612?
2
What is the hundreds digit of 1944?
9
What is the tens digit of 306?
0
What is the thousands digit of 74243?
4
What is the hundreds digit of 1046?
0
What is the units digit of 18128?
8
What is the ten thousands digit of 140622?
4
What is the tens digit of 2205?
0
What is the ten thousands digit of 120081?
2
What is the thousands digit of 74551?
4
What is the thousands digit of 21067?
1
What is the tens digit of 55?
5
What is the hundreds digit of 2036?
0
What is the units digit of 40979?
9
What is the thousands digit of 1126?
1
What is the hundreds digit of 55383?
3
What is the thousands digit of 105591?
5
What is the hundreds digit of 3530?
5
What is the hundreds digit of 13671?
6
What is the hundreds digit of 22136?
1
What is the units digit of 1562?
2
What is the units digit of 321?
1
What is the tens digit of 57468?
6
What is the units digit of 47838?
8
What is the units digit of 4157?
7
What is the units digit of 6221?
1
What is the ten thousands digit of 39163?
3
What is the hundreds digit of 1691?
6
What is the units digit of 1971?
1
What is the hundreds digit of 5839?
8
What is the units digit of 3377?
7
What is the units digit of 6394?
4
What is the tens digit of 89?
8
What is the hundreds digit of 1249?
2
What is the hundreds digit of 16010?
0
What is the hundreds digit of 3090?
0
What is the tens digit of 296?
9
What is the ten thousands digit of 19070?
1
What is the tens digit of 1961?
6
What is the tens digit of 130325?
2
What is the tens digit of 988?
8
What is the hundreds digit of 2158?
1
What is the hundreds digit of 1562?
5
What is the thousands digit of 18435?
8
What is the tens digit of 21689?
8
What is the hundreds digit of 12478?
4
What is the units digit of 733?
3
What is the hundreds digit of 18985?
9
What is the tens digit of 9264?
6
What is the tens digit of 123?
2
What is the hundreds digit of 65704?
7
What is the units digit of 12961?
1
What is the thousands digit of 21471?
1
What is the thousands digit of 24953?
4
What is the thousands digit of 5385?
5
What is the units digit of 3516?
6
What is the tens digit of 66162?
6
What is the tens digit of 981?
8
What is the hundreds digit of 85856?
8
What is the tens digit of 72000?
0
What is the tens digit of 140625?
2
What is the ten thousands digit of 30183?
3
What is the hundreds digit of 652?
6
What is the units digit of 1126?
6
What is the units digit of 2977?
7
What is the thousands digit of 1077?
1
What is the thousands digit of 2079?
2
What is the ten thousands digit of 16400?
1
What is the units digit of 60?
0
What is the units digit of 19706?
6
What is the tens digit of 224?
2
What is the tens digit of 82615?
1
What is the tens digit of 1724?
2
What is the units digit of 2462?
2
What is the units digit of 5378?
8
What is the thousands digit of 2910?
2
What is the tens digit of 53417?
1
What is the thousands digit of 28788?
8
What is the hundreds digit of 5067?
0
What is the units digit of 1044?
4
What is the units digit of 10690?
0
What is the ten thousands digit of 22980?
2
What is the tens digit of 290?
9
What is the units digit of 1856?
6
What is the thousands digit of 1626?
1
What is the tens digit of 10814?
1
What is the units digit of 21116?
6
What is the units digit of 59?
9
What is the hundreds digit of 11896?
8
What is the hundreds digit of 138?
1
What is the units digit of 2266?
6
What is the tens digit of 5